{"id":3530,"date":"2022-08-12T11:24:15","date_gmt":"2022-08-12T11:24:15","guid":{"rendered":"http:\/\/www.granopool.com\/?post_type=product&#038;p=3530"},"modified":"2022-08-12T11:24:16","modified_gmt":"2022-08-12T11:24:16","slug":"havuz-mozaigi-vt-2505","status":"publish","type":"product","link":"http:\/\/www.granopool.com\/index.php\/urun\/havuz-mozaigi-vt-2505\/","title":{"rendered":"Havuz Mozai\u011fi- VT 2505"},"content":{"rendered":"<p>Ebat: 77x77mm<br \/>\nKolideki m2: 1,5<br \/>\nKolideki Yaprak Adeti: 10<br \/>\nUygulama: SilyCord<br \/>\n\u00dcr\u00fcn Cinsi: Cam Mozaik<br \/>\n\u00dcr\u00fcn Kal\u0131nl\u0131\u011f\u0131: 6mm<br \/>\nYaprak Ebad\u0131: 315x475mm<\/p>\n","protected":false},"excerpt":{"rendered":"<p>Ebat: 77x77mm<br \/>\nKolideki m2: 1,5<br \/>\nKolideki Yaprak Adeti: 10<br \/>\nUygulama: SilyCord<br \/>\n\u00dcr\u00fcn Cinsi: Cam Mozaik<br \/>\n\u00dcr\u00fcn Kal\u0131nl\u0131\u011f\u0131: 6mm<br \/>\nYaprak Ebad\u0131: 315x475mm<\/p>\n","protected":false},"featured_media":3531,"comment_status":"open","ping_status":"closed","template":"","meta":[],"product_cat":[121],"product_tag":[129,122,132,130,128,127,123,125,124],"_links":{"self":[{"href":"http:\/\/www.granopool.com\/index.php\/wp-json\/wp\/v2\/product\/3530"}],"collection":[{"href":"http:\/\/www.granopool.com\/index.php\/wp-json\/wp\/v2\/product"}],"about":[{"href":"http:\/\/www.granopool.com\/index.php\/wp-json\/wp\/v2\/types\/product"}],"replies":[{"embeddable":true,"href":"http:\/\/www.granopool.com\/index.php\/wp-json\/wp\/v2\/comments?post=3530"}],"wp:featuredmedia":[{"embeddable":true,"href":"http:\/\/www.granopool.com\/index.php\/wp-json\/wp\/v2\/media\/3531"}],"wp:attachment":[{"href":"http:\/\/www.granopool.com\/index.php\/wp-json\/wp\/v2\/media?parent=3530"}],"wp:term":[{"taxonomy":"product_cat","embeddable":true,"href":"http:\/\/www.granopool.com\/index.php\/wp-json\/wp\/v2\/product_cat?post=3530"},{"taxonomy":"product_tag","embeddable":true,"href":"http:\/\/www.granopool.com\/index.php\/wp-json\/wp\/v2\/product_tag?post=3530"}],"curies":[{"name":"wp","href":"https:\/\/api.w.org\/{rel}","templated":true}]}}